{"id":173,"date":"2020-09-21T23:30:51","date_gmt":"2020-09-21T21:30:51","guid":{"rendered":"http:\/\/gite-bergues-holistique.fr\/?page_id=173"},"modified":"2020-09-21T23:32:28","modified_gmt":"2020-09-21T21:32:28","slug":"tarifs","status":"publish","type":"page","link":"https:\/\/gite-bergues-holistique.fr\/index.php\/tarifs\/","title":{"rendered":"TARIFS"},"content":{"rendered":"\n<ul><li>Pour une nuit : <strong>80 Euros<\/strong> maximum 6 personnes<\/li><li>Taxes de s\u00e9jour : en attendant le classement du meubl\u00e9 touristique la Communaut\u00e9 des Communes nous demande 5% du tarif par nuit et par personne plafonn\u00e9 \u00e0 2,30 Euros. Le classement est en cours.<\/li><\/ul>\n\n\n\n<p><\/p>\n","protected":false},"excerpt":{"rendered":"<p>Pour une nuit : 80 Euros maximum 6 personnes Taxes de s\u00e9jour : en attendant le classement du meubl\u00e9 touristique la Communaut\u00e9 des Communes nous demande 5% du tarif par nuit et par personne plafonn\u00e9 \u00e0 2,30 Euros. Le classement est en cours.<\/p>\n","protected":false},"author":1,"featured_media":77,"parent":0,"menu_order":0,"comment_status":"closed","ping_status":"closed","template":"","meta":[],"_links":{"self":[{"href":"https:\/\/gite-bergues-holistique.fr\/index.php\/wp-json\/wp\/v2\/pages\/173"}],"collection":[{"href":"https:\/\/gite-bergues-holistique.fr\/index.php\/wp-json\/wp\/v2\/pages"}],"about":[{"href":"https:\/\/gite-bergues-holistique.fr\/index.php\/wp-json\/wp\/v2\/types\/page"}],"author":[{"embeddable":true,"href":"https:\/\/gite-bergues-holistique.fr\/index.php\/wp-json\/wp\/v2\/users\/1"}],"replies":[{"embeddable":true,"href":"https:\/\/gite-bergues-holistique.fr\/index.php\/wp-json\/wp\/v2\/comments?post=173"}],"version-history":[{"count":1,"href":"https:\/\/gite-bergues-holistique.fr\/index.php\/wp-json\/wp\/v2\/pages\/173\/revisions"}],"predecessor-version":[{"id":174,"href":"https:\/\/gite-bergues-holistique.fr\/index.php\/wp-json\/wp\/v2\/pages\/173\/revisions\/174"}],"wp:featuredmedia":[{"embeddable":true,"href":"https:\/\/gite-bergues-holistique.fr\/index.php\/wp-json\/wp\/v2\/media\/77"}],"wp:attachment":[{"href":"https:\/\/gite-bergues-holistique.fr\/index.php\/wp-json\/wp\/v2\/media?parent=173"}],"curies":[{"name":"wp","href":"https:\/\/api.w.org\/{rel}","templated":true}]}}